vided by j.
32
Let m(w) = -8*w + 2. Let j(t) = -59*t - 4. Let h be j(-1). Calculate the remainder when m(-2) is divided by (42/4)/(-4 + h/10).
4
Let k(o) = o**2 - o - 17. Let v = -432 + 437. What is the remainder when 87 is divided by k(v)?
0
Suppose -1499 - 767 = -11*i. Let u = i - 199. What is the remainder when 77 is divided by u?
0
Suppose -2*v + 482 = r, 38*v + 1958 = 4*r + 36*v. Calculate the remainder when r is divided by 45.
38
Calculate the remainder when 5827 is divided by (48/(-160))/((-7)/4690).
199
Suppose 2*u = -5*s + 6*s + 213, 2*s = u - 99. Let b = -100 + u. Calculate the remainder when 33 is divided by b.
6
Suppose -4*b + 4*z = -86632, 3*b + 5*z = 23504 + 41478. What is the remainder when b is divided by 60?
59
Suppose 0 = 2*o - 51 - 23. Suppose 0 = 193*g - 59 - 12679. What is the remainder when g is divided by o?
29
Suppose -24*x = -31*x + 2282. Let f = -225 + x. Let o = 40 + -23. What is the remainder when f is divided by o?
16
Suppose 3*p = -50 + 323. What is the remainder when p is divided by (4/15)/2 - (-57036)/2205?
13
Let d(v) = v**3 + 15*v**2 + 5*v + 77. Let y be d(-15). Suppose 6*p - p + 79 = y*o, 0 = p - 5. Let m = 93 + -66. What is the remainder when o is divided by m?
25
Let s(o) = -o**3 - 13*o**2 - 78*o - 238. Calculate the remainder when 412 is divided by s(-8).
16
Calculate the remainder when (62 - (-11 + 15)) + 16/(-2) is divided by 24.
2
Let j = 21 + -46. Let p = -22 - j. What is the remainder when (9/p - -6) + -3 is divided by 2?
0
Let g(d) = 1198*d + 6880. Calculate the remainder when g(-5) is divided by 90.
80
Let i be ((-3)/1)/((12/(-200))/(-1)). Let b = 123 + i. What is the remainder when b is divided by 15?
13
Calculate the remainder when -3 + 78/18 - (-596)/3 is divided by 51.
47
Let z be (-21 + 15)*(-1)/(-2). Calculate the remainder when (-1 - z)*(-76)/(-8) is divided by 7.
5
Let a(d) = -d**2 + 14*d - 11. Let i(m) = -m + 41. Let f be i(35). What is the remainder when 102 is divided by a(f)?
28
Suppose z = -a + 1536, -a - 3*z + 1112 = -414. Calculate the remainder when a is divided by 172.
165
Calculate the remainder when 260 is divided by (234/42)/(-9*9/(-567)).
26
Calculate the remainder when -3 - (-3)/2 - 1828/(-8) is divided by (-25)/3*(-246)/410.
2
Suppose 313 = -3*n + r, -r = -0*n - 2*n - 208. What is the remainder when (416/40)/((-6)/n) is divided by 31?
27
Let m(a) = -15*a + 137. Let y be m(7). Suppose 5*q - y = q. What is the remainder when 47 is divided by q?
7
Let r be 4 + 14/(-10) + (-2)/(-5). Calculate the remainder when 1/(r/141)*(4 + -3) is divided by 13.
8
Let j be (5/10)/(1/406). Suppose -q - j - 20 = -3*c, -2*c = q - 147. What is the remainder when c is divided by 27?
20
Let i be (2 + 1)*(-3 + 51). Suppose 8*x + i = 20*x. What is the remainder when x is divided by 7?
5
Let g(b) = 2*b**3 - 4*b**2 + 2*b - 3. Let c be g(3). Let y = c - 19. Suppose 0 = 2*n + y*n - 396. What is the remainder when n is divided by 17?
14
Let l be 2/14 + (-135)/(-35) + -10. Let r(b) = -2*b**2 - 8*b + 10*b**2 - 9*b**2 + 11. Calculate the remainder when r(l) is divided by 8.
7
Let y(g) = 14*g**2 + 88*g - 113. Calculate the remainder when y(13) is divided by 50.
47
What is the remainder when 498 is divided by 3 + 0 + (-79)/((80/(-10))/8)?
6
Suppose 2*z - 4*r + 168 = 3490, 3*z - 5023 = -4*r. Calculate the remainder when z is divided by 153.
139
Suppose 20*p - 41*p + 149*p - 1214720 = 0. What is the remainder when p is divided by 12?
10
Let t(r) = 3*r**2 - 11*r - 23. What is the remainder when t(10) is divided by (-10)/(2/(2 + -3))?
2
Suppose 30*a = 742 + 398. What is the remainder when 2233 is divided by a?
29
Let f be 11/3 + ((-5)/3 - -2). Suppose -f*l + 4*g = 5*g - 161, -2*l - 4*g = -84. What is the remainder when l is divided by 10 - (-2 + -1 + 2)?
7
Suppose -116*g + 198778 - 99378 + 322840 = 0. Calculate the remainder when g is divided by 35.
0
Let o be 437 - -1 - (2 - -1). Let y(v) = -v**3 - 5*v**2 - 316*v - 1231. What is the remainder when (-4)/(-6) + o/9 is divided by y(-4)?
15
Suppose -q = 4*x + 2*q - 38, 0 = -7*x + 4*q + 122. Calculate the remainder when 1130 is divided by x.
10
Let i(a) = -10*a - 136. Suppose s - 3*p - p - 48 = 0, -2*p = 2*s - 126. Calculate the remainder when s is divided by i(-16).
12
Suppose -139*i + 190 = -120*i. What is the remainder when ((-67)/(-3))/(7/21) is divided by i?
7
Suppose 709 - 419 = 29*v. What is the remainder when 119 is divided by v?
9
Let k be 333/117 + 2/13 + -3. Suppose k = 79*y - 70*y - 351. Calculate the remainder when y is divided by 14.
11
Let j(f) = 46*f**2 + 10*f - 44. Let s be j(11). Calculate the remainder when s/(-22)*(-1)/2 is divided by 27 - 2*(-2)/(-4).
24
Suppose 0 = -45*l + 39*l + 390. Let j = l + -56. Let x = 31 + -14. Calculate the remainder when x is divided by j.
8
Let i = -8131 - -8158. What is the remainder when 610 is divided by i?
16
Let r = 8 + 8. What is the remainder when 4 + 1 + 3 + (2 - -15 - -31) is divided by r?
8
Suppose 1267 - 8377 - 3858 = -6*s. Calculate the remainder when s is divided by 31.
30
Let q(k) = -7*k**2 + 42*k - 12. What is the remainder when 6332 is divided by q(4)?
40
Let v = -2635 + 2701. What is the remainder when 1249 is divided by v?
61
Suppose 0 = 10*r - 5*r + 155. Let n = r + 34. Suppose 0 = -n*a - 4*d + 29, a = 4*d - 2*d + 13. Calculate the remainder when 32 is divided by a.
10
Let y be 68 + (-3 - 12)/3. Suppose y*q - 68*q = -305. Let p = -12 - -21. What is the remainder when q is divided by p?
7
Let f be 2/(-6) - ((-84)/(-18))/(-14). Let c(z) = -z**3 - z**2 - 2*z + 70. Calculate the remainder when c(f) is divided by 38.
32
Suppose -2*g + 0*g = 2*g. Suppose g*j + 249 = s - 3*j, 2*s = -3*j + 498. Calculate the remainder when s is divided by 23.
19
Let m = -153 + 158. Suppose -m*n + 3*n + 102 = 0. Calculate the remainder when n is divided by 13.
12
Let z(v) = 2*v**2 - 1. Let k = -123 - -127. What is the remainder when 117 is divided by z(k)?
24
Let j be (-48)/18 + 12/(-9). What is the remainder when 19 is divided by (-16)/(j + 6 + -4)?
3
Suppose 0 = 2*l - x + 225, -3*l = l + 4*x + 468. Let u = -83 - l. Calculate the remainder when 56 is divided by u.
25
Let q(w) = w + 2. Let b be (4 + (-2 - -2))*1. What is the remainder when (-6)/9 - (260/3)/(-4) is divided by q(b)?
3
Let q(s) = -s**3 - 5*s**2 + 154*s + 1205. Calculate the remainder when 2000 is divided by q(-9).
141
Suppose -2*s - s = 0. Suppose -6*r + 156 = -s*r. What is the remainder when 9 + (6 - (6 - 91)) is divided by r?
22
Let i(t) = 13*t + 1. Let f be i(3). Calculate the remainder when -5 + (11 - 0) + f + 1 is divided by 32.
15
Let c(t) = -7*t - 3. Let g = -2389 + 4456. What is the remainder when (g/(-106))/(3/(-14)) is divided by c(-7)?
45
Let w = 959 - 923. What is the remainder when 118 is divided by w?
10
Calculate the remainder when 841 is divided by ((-109)/(-654))/((-1)/(-354)).
15
Suppose -104 = -5*u + 2*x + 54, 4*x = 5*u - 156. Let w(h) = -h**3 - 2*h - 1. Let a be w(2). Let c = a + u. Calculate the remainder when 56 is divided by c.
18
Let m(p) = 18*p - 303. Let w(s) = 7*s - 2. Let l be w(-7). Let o = l - -80. Calculate the remainder when m(20) is divided by o.
28
Let p(r) = 13*r - 7. Let w(g) = 2*g**2 - 7*g. Let k be w(4). Suppose 0 = -5*f - o + 2*o + 23, f + 8 = -k*o. What is the remainder when p(f) is divided by 20?
5
Suppose -f - 41 = -q, 4*q - 145 = 5*f + 18. Calculate the remainder when 201 is divided by q.
33
Suppose -2*m + 39 = -m + 4*o, 4*m - 61 = 3*o. Let d(t) = 2*t + 16. Calculate the remainder when d(m) is divided by 14.
12
Suppose -2*n - 64 = -4*u, -10*u + 4*n - 27 = -191. Suppose -6*i + 2*z = -i - 256, -2*z + 194 = 4*i. Calculate the remainder when i is divided by u.
14
Let y = 9285 - 8952. What is the remainder when 341 is divided by y?
8
Let w(g) = -g**2 - 9*g - 35. Let h be w(-10). Let d = -40 - h. Let o(p) = -p**3 + 4*p**2 + 7*p. Calculate the remainder when 109 is divided by o(d).
9
Let k be ((-12)/9)/(3*2/18). What is the remainder when (-64)/(-8) - -17 - k is divided by 272/28 + (-2)/(-7)?
9
Let v = 22 + -13. Calculate the remainder when 55 is divided by -3*-3*14/v.
13
Let q(m) = -m**2 - 2*m + 8. Let i(n) = -n**3 - 4*n**2 + 3*n + 11. Let s be i(-2). What is the remainder when 24 is divided by q(s)?
4
Suppose 173 = 3*g - 4